{"id":106,"date":"2010-09-07T09:55:48","date_gmt":"2010-09-07T07:55:48","guid":{"rendered":"http:\/\/www.rummelhagen.de\/?page_id=106"},"modified":"2022-12-22T12:35:35","modified_gmt":"2022-12-22T11:35:35","slug":"bequeme-schuhe","status":"publish","type":"page","link":"https:\/\/www.rummelhagen.de\/?page_id=106","title":{"rendered":"Konfektionsschuhe"},"content":{"rendered":"\n<p>Neben unseren handgefertigten Ma\u00dfschuhen, f\u00fchren wir auch konfektionierte Schuhe, nat\u00fcrlich auch in verschiedenen Weiten. Wir bieten Ihnen eine gro\u00dfe Auwahl an Komfortschuhe, sowie eine gute und fachliche Beratung.<\/p>\n\n\n\n<p>Vertreten bei uns, sind die Marken &#8222;Allrounder&#8220;, &#8222;Ganter&#8220;, &#8222;FinnComfort&#8220;, &#8222;Mephisto&#8220; sowie &#8222;Fidelio&#8220; die bei einem Hallux-Valgus (einem Schiefstand der Gro\u00dfzehe) den ben\u00f6tigten Platz f\u00fcr das Gro\u00dfzehengrundgelenk bieten. <\/p>\n\n\n\n<p>Hier ein kleiner Einblick in unser Schuhsortiment.<\/p>\n\n\n\n<figure class=\"wp-block-gallery has-nested-images columns-default is-cropped wp-block-gallery-1 is-layout-flex\">\n<figure class=\"wp-block-image size-large\"><a href=\"https:\/\/www.rummelhagen.de\/wp-content\/uploads\/IMG_5729.jpg\"><img decoding=\"async\" loading=\"lazy\" width=\"1024\" height=\"683\" data-id=\"388\"  src=\"https:\/\/www.rummelhagen.de\/wp-content\/uploads\/IMG_5729-1024x683.jpg\" alt=\"\" class=\"wp-image-388\" srcset=\"https:\/\/www.rummelhagen.de\/wp-content\/uploads\/IMG_5729-1024x683.jpg 1024w, https:\/\/www.rummelhagen.de\/wp-content\/uploads\/IMG_5729-300x200.jpg 300w, https:\/\/www.rummelhagen.de\/wp-content\/uploads\/IMG_5729-768x512.jpg 768w, https:\/\/www.rummelhagen.de\/wp-content\/uploads\/IMG_5729-1536x1024.jpg 1536w, https:\/\/www.rummelhagen.de\/wp-content\/uploads\/IMG_5729-2048x1365.jpg 2048w\" sizes=\"(max-width: 1024px) 100vw, 1024px\" \/><\/a><\/figure>\n\n\n\n<figure class=\"wp-block-image size-large\"><a href=\"https:\/\/www.rummelhagen.de\/wp-content\/uploads\/IMG_5720.jpg\"><img decoding=\"async\" loading=\"lazy\" width=\"1024\" height=\"683\" data-id=\"389\"  src=\"https:\/\/www.rummelhagen.de\/wp-content\/uploads\/IMG_5720-1024x683.jpg\" alt=\"\" class=\"wp-image-389\" srcset=\"https:\/\/www.rummelhagen.de\/wp-content\/uploads\/IMG_5720-1024x683.jpg 1024w, https:\/\/www.rummelhagen.de\/wp-content\/uploads\/IMG_5720-300x200.jpg 300w, https:\/\/www.rummelhagen.de\/wp-content\/uploads\/IMG_5720-768x512.jpg 768w, https:\/\/www.rummelhagen.de\/wp-content\/uploads\/IMG_5720-1536x1024.jpg 1536w, https:\/\/www.rummelhagen.de\/wp-content\/uploads\/IMG_5720-2048x1365.jpg 2048w\" sizes=\"(max-width: 1024px) 100vw, 1024px\" \/><\/a><\/figure>\n\n\n\n<figure class=\"wp-block-image size-large\"><a href=\"https:\/\/www.rummelhagen.de\/wp-content\/uploads\/IMG_5714.jpg\"><img decoding=\"async\" loading=\"lazy\" width=\"1024\" height=\"683\" data-id=\"390\"  src=\"https:\/\/www.rummelhagen.de\/wp-content\/uploads\/IMG_5714-1024x683.jpg\" alt=\"\" class=\"wp-image-390\" srcset=\"https:\/\/www.rummelhagen.de\/wp-content\/uploads\/IMG_5714-1024x683.jpg 1024w, https:\/\/www.rummelhagen.de\/wp-content\/uploads\/IMG_5714-300x200.jpg 300w, https:\/\/www.rummelhagen.de\/wp-content\/uploads\/IMG_5714-768x512.jpg 768w, https:\/\/www.rummelhagen.de\/wp-content\/uploads\/IMG_5714-1536x1024.jpg 1536w, https:\/\/www.rummelhagen.de\/wp-content\/uploads\/IMG_5714-2048x1365.jpg 2048w\" sizes=\"(max-width: 1024px) 100vw, 1024px\" \/><\/a><\/figure>\n<\/figure>\n","protected":false},"excerpt":{"rendered":"<p>Neben unseren handgefertigten Ma\u00dfschuhen, f\u00fchren wir auch konfektionierte Schuhe, nat\u00fcrlich auch in verschiedenen Weiten. Wir bieten Ihnen eine gro\u00dfe Auwahl an Komfortschuhe, sowie eine gute und fachliche Beratung. Vertreten bei uns, sind die Marken &#8222;Allrounder&#8220;, &#8222;Ganter&#8220;, &#8222;FinnComfort&#8220;, &#8222;Mephisto&#8220; sowie &#8222;Fidelio&#8220; &hellip; <a href=\"https:\/\/www.rummelhagen.de\/?page_id=106\">Weiterlesen <span class=\"meta-nav\">&rarr;<\/span><\/a><\/p>\n","protected":false},"author":1,"featured_media":0,"parent":0,"menu_order":12,"comment_status":"closed","ping_status":"open","template":"","meta":[],"_links":{"self":[{"href":"https:\/\/www.rummelhagen.de\/index.php?rest_route=\/wp\/v2\/pages\/106"}],"collection":[{"href":"https:\/\/www.rummelhagen.de\/index.php?rest_route=\/wp\/v2\/pages"}],"about":[{"href":"https:\/\/www.rummelhagen.de\/index.php?rest_route=\/wp\/v2\/types\/page"}],"author":[{"embeddable":true,"href":"https:\/\/www.rummelhagen.de\/index.php?rest_route=\/wp\/v2\/users\/1"}],"replies":[{"embeddable":true,"href":"https:\/\/www.rummelhagen.de\/index.php?rest_route=%2Fwp%2Fv2%2Fcomments&post=106"}],"version-history":[{"count":5,"href":"https:\/\/www.rummelhagen.de\/index.php?rest_route=\/wp\/v2\/pages\/106\/revisions"}],"predecessor-version":[{"id":426,"href":"https:\/\/www.rummelhagen.de\/index.php?rest_route=\/wp\/v2\/pages\/106\/revisions\/426"}],"wp:attachment":[{"href":"https:\/\/www.rummelhagen.de\/index.php?rest_route=%2Fwp%2Fv2%2Fmedia&parent=106"}],"curies":[{"name":"wp","href":"https:\/\/api.w.org\/{rel}","templated":true}]}}