{"id":99,"date":"2010-09-07T09:54:12","date_gmt":"2010-09-07T07:54:12","guid":{"rendered":"http:\/\/www.rummelhagen.de\/?page_id=99"},"modified":"2010-09-25T17:57:06","modified_gmt":"2010-09-25T15:57:06","slug":"innenschuhtechnik","status":"publish","type":"page","link":"https:\/\/www.rummelhagen.de\/?page_id=99","title":{"rendered":"Innenschuhtechnik"},"content":{"rendered":"<p>Ein sehr spezieller Bereich der Orthop\u00e4dieschuhtechnik, sehr h\u00e4ufig werden einseitige L\u00f6sungen ben\u00f6tigt, die in ihrer Funktion und Passform mit Konfektionsschuhen angepasst werden.<\/p>\n<p>Z.B. nach einen Schlaganfall mit leichten L\u00e4hmungen, Peron\u00e4us-bzw. Fu\u00dfheberschw\u00e4chen und unter anderem auch<\/p>\n<p>bei MS-Erkrankung.<\/p>\n<p>Das Beispielbild ist eine Versorgung bei MS-Patientin mit einer bequem Schuhsandale der Firma &#8222;Ganter&#8220;.<\/p>\n<p><a href=\"https:\/\/www.rummelhagen.de\/wp-content\/uploads\/Innenschuh.jpg\"><img decoding=\"async\" loading=\"lazy\" class=\"size-full wp-image-138 alignleft\" title=\"Innenschuh\" src=\"https:\/\/www.rummelhagen.de\/wp-content\/uploads\/Innenschuh.jpg\" alt=\"\" width=\"285\" height=\"195\" \/><\/a><\/p>\n","protected":false},"excerpt":{"rendered":"<p>Ein sehr spezieller Bereich der Orthop\u00e4dieschuhtechnik, sehr h\u00e4ufig werden einseitige L\u00f6sungen ben\u00f6tigt, die in ihrer Funktion und Passform mit Konfektionsschuhen angepasst werden. Z.B. nach einen Schlaganfall mit leichten L\u00e4hmungen, Peron\u00e4us-bzw. Fu\u00dfheberschw\u00e4chen und unter anderem auch bei MS-Erkrankung. Das Beispielbild ist &hellip; <a href=\"https:\/\/www.rummelhagen.de\/?page_id=99\">Weiterlesen <span class=\"meta-nav\">&rarr;<\/span><\/a><\/p>\n","protected":false},"author":1,"featured_media":0,"parent":0,"menu_order":9,"comment_status":"closed","ping_status":"open","template":"","meta":[],"_links":{"self":[{"href":"https:\/\/www.rummelhagen.de\/index.php?rest_route=\/wp\/v2\/pages\/99"}],"collection":[{"href":"https:\/\/www.rummelhagen.de\/index.php?rest_route=\/wp\/v2\/pages"}],"about":[{"href":"https:\/\/www.rummelhagen.de\/index.php?rest_route=\/wp\/v2\/types\/page"}],"author":[{"embeddable":true,"href":"https:\/\/www.rummelhagen.de\/index.php?rest_route=\/wp\/v2\/users\/1"}],"replies":[{"embeddable":true,"href":"https:\/\/www.rummelhagen.de\/index.php?rest_route=%2Fwp%2Fv2%2Fcomments&post=99"}],"version-history":[{"count":6,"href":"https:\/\/www.rummelhagen.de\/index.php?rest_route=\/wp\/v2\/pages\/99\/revisions"}],"predecessor-version":[{"id":139,"href":"https:\/\/www.rummelhagen.de\/index.php?rest_route=\/wp\/v2\/pages\/99\/revisions\/139"}],"wp:attachment":[{"href":"https:\/\/www.rummelhagen.de\/index.php?rest_route=%2Fwp%2Fv2%2Fmedia&parent=99"}],"curies":[{"name":"wp","href":"https:\/\/api.w.org\/{rel}","templated":true}]}}